se 8, what is 162 - 130331?
-130147
In base 16, what is -b6d - -338e?
2821
In base 6, what is -3 + -24030024001?
-24030024004
In base 5, what is -20023 - 4113040?
-4133113
In base 16, what is 1 - 16219e?
-16219d
In base 7, what is 33304 + 135536?
202143
In base 16, what is -172bd49 + 5?
-172bd44
In base 2, what is -1110111110100010 - -11?
-1110111110011111
In base 8, what is 136055 - 14?
136041
In base 5, what is 240121300 + 23?
240121323
In base 12, what is -68545082 + 2?
-68545080
In base 14, what is 11448c0 - 3?
11448bb
In base 15, what is 23b763 + 3?
23b766
In base 2, what is -1000011111000110011100001 - 100111?
-1000011111000110100001000
In base 4, what is 0 + 3013120200103?
3013120200103
In base 3, what is 200102 + 12101211010?
12102111112
In base 8, what is 1672 + -2700746?
-2677054
In base 11, what is -30 + -1803928?
-1803958
In base 9, what is 60 - 4320?
-4250
In base 12, what is 306672462 - -3?
306672465
In base 10, what is -52829 + -1049?
-53878
In base 12, what is -5 - 1a6249a?
-1a624a3
In base 12, what is 1 + 52b512?
52b513
In base 9, what is 57168 + 3374?
61553
In base 15, what is 1b878 + 211?
1ba89
In base 12, what is 2 + -1595192?
-1595190
In base 2, what is -101 - -111010110001001110111?
111010110001001110010
In base 3, what is -22002000022 - -100002?
-22001200020
In base 8, what is -24 - 3313657?
-3313703
In base 4, what is 132210223221 - -300?
132210230121
In base 12, what is -340 + 211088?
210948
In base 5, what is -2 + 404033044121?
404033044114
In base 12, what is 5 - 40535b1b?
-40535b16
In base 12, what is 0 + -10354743?
-10354743
In base 2, what is 11110101010101110 - 110110?
11110101001111000
In base 7, what is -30562651 - 3?
-30562654
In base 5, what is 211 + 144100?
144311
In base 14, what is 2659 - 132?
2527
In base 3, what is 22222122220110 - 120?
22222122212220
In base 13, what is 3 - -58cc675?
58cc678
In base 15, what is -bc81 - d5?
-bd66
In base 7, what is -24403356 + 240?
-24403116
In base 16, what is 13854a03 - 0?
13854a03
In base 6, what is -21 + 1421440455?
1421440434
In base 2, what is -10 - -1000110000010001?
1000110000001111
In base 2, what is -11010001100110010100 + 10001111?
-11010001100100000101
In base 12, what is b1 - -500407?
5004b8
In base 10, what is -21016 - 14484?
-35500
In base 12, what is -16269 + 2a7a?
-133ab
In base 7, what is -12644 - -126566?
113622
In base 9, what is -26065 - -202?
-25763
In base 10, what is -110 + -18783?
-18893
In base 4, what is -2222211103 + -1203?
-2222212312
In base 8, what is -6 + 15450244?
15450236
In base 2, what is -111100111 + -1101000111010000?
-1101001110110111
In base 2, what is -100110111111100101011011 - 11?
-100110111111100101011110
In base 12, what is 33b295 - -6?
33b29b
In base 15, what is -1 + -2abac8?
-2abac9
In base 8, what is 333 + -712747?
-712414
In base 8, what is -223255477 - 25?
-223255524
In base 12, what is -3a - 29329?
-29367
In base 3, what is -12 + 20021120202100220?
20021120202100201
In base 4, what is 11122201 + -232132?
10230003
In base 7, what is 3 - 302602011?
-302602005
In base 11, what is -33 - 1a5577?
-1a55aa
In base 16, what is 1113a - db6?
10384
In base 4, what is -1313300021 + 2?
-1313300013
In base 7, what is -1524516 - -3205?
-1521311
In base 7, what is -3540613212 - -5?
-3540613204
In base 15, what is -1 - -81e97a?
81e979
In base 2, what is 1110010111100110100100 - 111?
1110010111100110011101
In base 14, what is -3c7 - -1250?
c67
In base 12, what is -7 - -b71508b?
b715084
In base 12, what is -1 + 7634410?
763440b
In base 8, what is 23 - -3661627?
3661652
In base 6, what is -35 - -240400322?
240400243
In base 14, what is 12a1 - 7a0?
901
In base 16, what is 48a18a - -2?
48a18c
In base 9, what is 4204646 + -12?
4204634
In base 11, what is -604 + -40493?
-40a97
In base 7, what is -3 - 43222214?
-43222220
In base 13, what is -190 + -1ab862?
-1aba22
In base 13, what is -18 - 1bb316c?
-1bb3187
In base 12, what is -a2a3b4 + 1?
-a2a3b3
In base 7, what is -1520652 + -6?
-1520661
In base 5, what is -12 + 301134343044?
301134343032
In base 14, what is 46 + -65926c?
-659226
In base 15, what is 0 + -1292c9?
-1292c9
In base 7, what is -1443 - 136335?
-141111
In base 5, what is 211034102100 - -4?
211034102104
In base 4, what is -22223033123 + -11122?
-22223110311
In base 12, what is -3931b148 + -4?
-3931b150
In base 13, what is -2 - 6584c3a?
-6584c3c
In base 8, what is 255060 - -224?
255304
In base 13, what is 0 + 2382a?
2382a
In base 7, what is 10311 - 143012?
-132401
In base 14, what is 62 - -1b5d96?
1b6018
In base 15, what is -a + -131312?
-13131c
In base 6, what is -1 + -1030033110?
-1030033111
In base 7, what is -33 + -31130260?
-31130323
In base 15, what is -277aedda - -1?
-277aedd9
In base 11, what is 3 - -7151007a?
71510082
In base 16, what is 953f + 417e?
d6bd
In base 14, what is -9 + 52a?
521
In base 6, what is 45430111523 + -1?
45430111522
In base 2, what is -100100010110010100 + -1000000000010?
-100101010110010110
In base 4, what is 33221002 + -1212?
33213130
In base 5, what is -4 + 1102443200?
1102443141
In base 14, what is 2 + 120c5ca?
120c5cc
In base 3, what is 2 + -2012121202011?
-2012121202002
In base 10, what is -1129153 - 279?
-1129432
In base 6, what is 14102010 - 51?
14101515
In base 12, what is -137 - 156926b?
-15693a6
In base 6, what is 2421234023 + 2?
2421234025
In base 3, what is -100010120121112210 - 12?
-100010120121112222
In base 2, what is 10010 - -1110011011001000010100?
1110011011001000100110
In base 8, what is -1306 + -372610?
-374116
In base 16, what is 29c - -20d2e?
20fca
In base 4, what is 2130 - 2313110?
-2310320
In base 9, what is 366274 - 237?
366036
In base 3, what is -10110022 + 1011022?
-2022000
In base 5, what is -3400304420 + -1312?
-3400311232
In base 8, what is 1344637 + 173?
1345032
In base 4, what is 0 + -22322011103211?
-22322011103211
In base 9, what is 285233 + -10?
285223
In base 10, what is 0 + -36126039?
-36126039
In base 3, what is -1110200 - -110110220112?
110102102212
In base 4, what is 10 - -21100011313?
21100011323
In base 3, what is -1002110 + -1000021?
-2002201
In base 3, what is -2210211020110 - 2021?
-2210211022201
In base 9, what is 84183 + -343?
83740
In base 2, what is 100000001111011010 + 1011111010?
100000011011010100
In base 10, what is 17748 - 6891?
10857
In base 9, what is -1 + 6162206?
6162205
In base 2, what is 10001100011001100010000 + 1000?
10001100011001100011000
In base 13, what is -3 - -225411?
22540b
In base 6, what is 12 - -411102513?
411102525
In base 4, what is -3022033 + 202002?
-2220031
In base 13, what is 65221 - -5?
65226
In base 11, what is -123 - -95a20a?
95a097
In base 2, what is 1011110100 + -1010010100010110100?
-1010010010111000000
In base 15, what is -b7a + -2894?
-351e
In base 12, what is -456 + -18ba3?
-19439
In base 8, what is -7605453 + -103?
-7605556
In base 11, what is 1 - 68670910?
-6867090a
In base 11, what is -4077 - 13a4?
-5470
In base 5, what is 104224 + -34141?
20033
In base 9, what is -1 - 80141803?
-80141804
In base 2, what is 11010100 - -110010011100011000?
110010011111101100
In base 4, what is 21 - -222102212000?
222102212021
In base 7, what is 113646111 + 0?
113646111
In base 15, what is 65de + 8dc?
6ecb
In base 10, what is 176276053 - 2?
176276051
In base 3, what is 12002222122 - -2010221?
12012010120
In base 3, what is -112110200000200 - -20102?
-112110122210021
In base 2, what is -10011010001011101111101 - -1111101?
-10011010001011100000000
In base 15, what is 0 - 10b5eddb?
-10b5eddb
In base 5, what is -30330432 + 3?
-30330424
In base 13, what is -51972205 - 1?
-51972206
In base 6, what is 1141535 + -5343?
1132152
In base 4, what is -1013231323 - -13?
-1013231310
In base 8, what is 32066 - -7317?
41405
In base 9, what is 27026012 - 13?
27025888
In base 2, what is 11100000 - -111100010011?
111111110011
In base 16, what is 24e27 - 28d?
24b9a
In base 10, what is 4 + -71945619?
-71945615
In base 12, what is -561907 - 20?
-561927
In base 15, what is 19 + 10ce61?
10ce7a
In base 16, what is 34 - 84bba?
-84b86
In base 12, what is 1 - -16414b?
164150
In base 11, what is 1636464 + -7?
1636458
In base 3, what is 10 + 1122022012111?
1122022012121
In base 6, what is -2 - -1341215025?
1341215023
In base 2, what is -10011001 + 11010000011111